ided by (-2)/(-8)*(m + 4)?
42
Suppose -5*b - 4*o = 13, 13*b - 8*b = 5*o - 40. Calculate the remainder when b - ((3 - 4) + -433) is divided by 24.
21
Suppose 3*z - 43 = 4*f, 18*f = 3*z + 11*f - 64. Suppose 2*l = -0*l - 3*j + 23, -3*j = l - 13. Calculate the remainder when l is divided by z.
0
Let z = 268 + -223. Calculate the remainder when 108 is divided by 36/z + (-4)/((-40)/222).
16
Suppose 0 = 3*j - 35 - 22. Let p(r) = -2*r**2 + 9*r. Let u be p(6). Calculate the remainder when (222/u)/((-1)/6) is divided by j.
17
Suppose -2*u - 1 = -9. Suppose 8 = v + 4*t, 0*v = 3*v + u*t - 32. Calculate the remainder when 43 is divided by v.
7
Suppose -2*w + 73*w - 7*w = 13056. What is the remainder when 423 is divided by w?
15
Suppose 0 = 7*s - 10*s + 6. Suppose 3*y = s*p + 28, 5*p - y + 8 = -75. Let r = -3 - p. What is the remainder when 37 is divided by r?
9
Suppose 4*m + 2445 + 819 = 0. Let j = -385 - m. What is the remainder when j is divided by 72?
71
Suppose 3*y + 46 = 5*y. Suppose 592 = y*s + 178. Let i(w) = 2*w - 6. Calculate the remainder when s is divided by i(5).
2
Let n(p) = 15*p**2 + 11*p - 82. Calculate the remainder when n(10) is divided by 192.
184
Let d be (-5)/(6/(-72)*10). Suppose -39 = d*b - 7*b. Calculate the remainder when b is divided by 6.
3
What is the remainder when (-6 - 3*1272/(-9)) + 16/(-4) is divided by 42?
36
Let d(m) = -m**3 - 61*m**2 + 164*m - 1602. Calculate the remainder when 1152 is divided by d(-64).
12
Suppose 3 = 5*g - 12. Let c be (63/12)/((-16)/64). What is the remainder when (-77)/c*3 + -2 is divided by g?
0
Suppose -r = -5*o - 5, -5*r + 34*o - 30*o = -46. What is the remainder when 609 is divided by r?
9
What is the remainder when (-17 + 12/4)*648/(-84) is divided by 2*1*((-56)/(-16) + 11)?
21
Let r = 510 - 454. Calculate the remainder when 124 is divided by r.
12
Let t(c) = -12*c - 96. Let s be t(-15). Suppose -8*g = -s - 196. What is the remainder when g is divided by 12?
11
Let u = 1700 + -1205. What is the remainder when u is divided by 156?
27
Let d be 1*2/(-4) - 403/(-62). Suppose 4 = d*i - 14. Calculate the remainder when 89 is divided by i.
2
Let s = 18480 - 16325. Calculate the remainder when s is divided by 7.
6
Let a = -11 + 25. Let v(k) = 0 + 8*k**2 - k**3 - 8*k - 5 + 9. Calculate the remainder when v(5) is divided by a.
11
Suppose 45 = 9*x - 30*x + 1116. Calculate the remainder when 708 is divided by x.
45
Let a(s) = -8*s + 95 - 6*s - 3*s + 16*s. Calculate the remainder when a(12) is divided by 42.
41
Let d = 1539 - 1421. What is the remainder when 261 is divided by d?
25
What is the remainder when (-2 - -3)/((-2)/(-824)) is divided by ((-1)/2)/(23/(-1058))*1?
21
Let j(x) = x**3 - 12*x**2 - 33*x + 71. Let o(p) = -p**2 + p - 2. Let b(k) = -j(k) - 6*o(k). Calculate the remainder when b(18) is divided by 10.
7
Let o = -70 - -78. Let s be 5*(4/o)/(3/6). Suppose -s*y = -4*n - 124, 0*y = y + 3*n - 40. What is the remainder when 73 is divided by y?
17
Let k be 2 - (7 + -3 - 6). Suppose 0 = -3*h + 5*f - 34, 1 = 5*h + k*f - 4. What is the remainder when 166 is divided by (8 + h + 0)*210/25?
40
Let k = 29 + -19. Let v(p) = 46 + 36*p + 11*p**2 - 13*p**2 + p. Calculate the remainder when v(17) is divided by k.
7
Let q(i) = -i**2 - 24*i + 2. Let p be q(-6). Suppose p - 36 = v. Calculate the remainder when v is divided by 11.
8
Let z = 25 + -1. What is the remainder when z is divided by (-70)/4*(-168)/210?
10
Let s(u) = u**3 - 18*u**2 + 10*u + 149. Calculate the remainder when s(18) is divided by 94.
47
Let v = -8771 - -8813. What is the remainder when 99 is divided by v?
15
Let i(w) = -2*w**2 + 14*w + 2. Let n be i(7). Calculate the remainder when 51 + 2/6 + (-8)/(-3) is divided by (14/(-21))/(n/6) + 21.
16
Suppose 4*b - t - 165 = 0, -210 = -5*b + 4*t + t. Let l = 66349 - 66331. What is the remainder when b is divided by l?
5
Calculate the remainder when 3799 is divided by 1*-3 + (-1472)/(-16) + 40/(-5).
73
Let l be 3/(-1) + -1 + (-20 - -228). Calculate the remainder when 82 is divided by (3/(-9))/((16/l)/(-4)).
14
Suppose 0 = -76*w + 78*w - 50. Suppose x + 5*y = y + w, 50 = x - y. Suppose -10 = 7*j - x. What is the remainder when 18 is divided by j?
3
Let c(j) = -j**3 - 10*j**2 - 274. What is the remainder when 258 is divided by c(-12)?
6
Let x(q) = -6*q**3 - 41*q**2 + 29*q + 25. Calculate the remainder when x(-8) is divided by 167.
74
Let f(z) = -66*z - 4569. What is the remainder when f(-84) is divided by 17?
6
What is the remainder when -11 + (-4235)/(-15) + (-2)/6 is divided by 19?
5
Suppose 5*u + 2*o - 66 = 0, 3*o = -2*u - 2*u + 50. Let d be (-1876)/18 + u/63. Let h = 127 + d. What is the remainder when 113 is divided by h?
21
What is the remainder when 413 is divided by -3 - (-12 + -86) - 9?
69
Let s(p) = -4*p - 40. Let c be s(-10). Suppose 18*m - 8*m + 810 = c. Let l = m + 144. What is the remainder when l is divided by 19?
6
Let t(i) = -6*i**2 + 28*i - 14. What is the remainder when 11 is divided by t(4)?
1
Suppose 0 = -17*x - 31*x + 2496. What is the remainder when 470 is divided by x?
2
Let y = 18420 - 18242. Suppose -k = -0*k. What is the remainder when y is divided by 0 + 36 + (0 - k)?
34
Suppose 996 = -4*r + 8*r - 2*v, -16*v = -3*r + 747. Calculate the remainder when r is divided by 236.
13
Let p(g) = g**3 - 16*g**2 + 92*g - 81. Calculate the remainder when p(10) is divided by (-212)/(-7) + (-10)/35.
29
Suppose 4*m = -q + 2*q + 77, 2*m - q = 37. Let j = -26 + m. What is the remainder when (1150/(-15))/(4/j) is divided by 17?
13
Suppose 3*c - 1323 = -q + 796, -2*q - 3561 = -5*c. Calculate the remainder when 1440 is divided by c.
22
Let k(p) = -2*p + 21. Let f = -8 + 21. Suppose a - 20 = -f. Calculate the remainder when 19 is divided by k(a).
5
Let w = 7167 - 7113. Calculate the remainder when 323 is divided by w.
53
Let h be 5 + -26*5/2. Let t = h - -52. What is the remainder when (t/(-16))/((-1)/(-30)) is divided by 8?
7
Suppose -25*p + 462 - 62 = 0. Calculate the remainder when 1930 is divided by p.
10
Suppose 26*m - 12745 = 53*m - 32*m. Calculate the remainder when m is divided by 30.
29
Suppose -21 = -2*y + 3. Let p = 497 - 421. Suppose -199 = -5*q + p. What is the remainder when q is divided by y?
7
Let a(n) = -14*n - 163. Let j(z) = 42*z + 493. Let q(p) = 7*a(p) + 2*j(p). Calculate the remainder when q(-28) is divided by 82.
73
Let j = 91 + 12. Suppose 6*l = 3*l + 6. What is the remainder when j is divided by ((-12)/(-15))/(l/65)?
25
Calculate the remainder when 799 is divided by 91/(16/4 + -3).
71
Calculate the remainder when 8/164 + 1144528/574 is divided by 21.
20
Let f(u) = 12*u**2 + 3*u - 1. Let i = 188 - 85. Let q = i + -64. Calculate the remainder when f(3) is divided by q.
38
Suppose 0 = -v + 2*v - 5*a - 44, 0 = 3*a - 15. Let k = 129480 - 129465. Calculate the remainder when v is divided by k.
9
Let r(n) be the third derivative of n**4/6 - 5*n**3/3 + 17*n**2. Let i be r(7). Calculate the remainder when 99 is divided by (3/i - 4/6)*-42.
15
Let y(o) = -o**2 + 34*o - 276. Let p be ((-7)/3)/((-3)/63). Suppose -3*x + j + 230 - p = 0, 69 = x + 4*j. Calculate the remainder when x is divided by y(15).
7
What is the remainder when 5/3*-973*144/(-840) + 6 is divided by 37?
25
Let g = 532 + -1303. What is the remainder when g/(-4) + 2/(4 + 4) is divided by 65?
63
Let o(p) = 33*p**2 - 91*p - 278. What is the remainder when 878 is divided by o(-3)?
2
Suppose 4*u = -4*t + 16, -4*t + 2*u = -4 - 0. Let k be (4/(-3) + t)*6/2. Suppose n = 33 + k. What is the remainder when n is divided by 13?
9
Suppose -56*n - 122 = -58*n. Calculate the remainder when n is divided by (-49)/14 + (-276)/(-24).
5
Suppose -4*m + g + 210 = m, 2*m - 81 = g. What is the remainder when 1502 is divided by m?
40
Suppose -62 - 349 = -39*f + 1344. Calculate the remainder when 294 is divided by f.
24
Let s(i) = i**3 - 79*i**2 - 2226*i + 659. Suppose 0*a = a - 67. What is the remainder when s(101) is divided by a?
54
Let w = -679 + 733. Calculate the remainder when w is divided by (8/(-7))/((-6)/21).
2
Let a = -35 + 49. Suppose 4*t + a = 2*c - c, -t - 9 = -3*c. Suppose 2*q - j = 107, c*q - 3*j + 28 = 125. Calculate the remainder when q is divided by 12.
8
Let t = 322 - 313. Suppose 0 = t*s - 11*s + 5*r + 1084, -2*s + 4*r = -1082